{"version":"1.0","provider_name":"Fotogeschenke Blog","provider_url":"https:\/\/www.originellefotogeschenke.de\/blog","author_name":"Originelle Fotogeschenke","author_url":"https:\/\/www.originellefotogeschenke.de\/blog\/author\/admin\/","title":"Wie binde ich die Dirndlschleife richtig? - Fotogeschenke Blog","type":"rich","width":600,"height":338,"html":"<blockquote class=\"wp-embedded-content\" data-secret=\"SckzwyfCHr\"><a href=\"https:\/\/www.originellefotogeschenke.de\/blog\/dirndl-schuerze-richtiges-binden-der-dirndschleife\/\">Dirndlsch\u00fcrze &#8211; Wie binde ich die Dirndlschleife richtig?<\/a><\/blockquote><iframe sandbox=\"allow-scripts\" security=\"restricted\" src=\"https:\/\/www.originellefotogeschenke.de\/blog\/dirndl-schuerze-richtiges-binden-der-dirndschleife\/embed\/#?secret=SckzwyfCHr\" width=\"600\" height=\"338\" title=\"&#8222;Dirndlsch\u00fcrze &#8211; Wie binde ich die Dirndlschleife richtig?&#8220; &#8211; Fotogeschenke Blog\" data-secret=\"SckzwyfCHr\" frameborder=\"0\" marginwidth=\"0\" marginheight=\"0\" scrolling=\"no\" class=\"wp-embedded-content\"><\/iframe><script type=\"text\/javascript\">\n\/*! This file is auto-generated *\/\n!function(c,d){\"use strict\";var e=!1,o=!1;if(d.querySelector)if(c.addEventListener)e=!0;if(c.wp=c.wp||{},c.wp.receiveEmbedMessage);else if(c.wp.receiveEmbedMessage=function(e){var t=e.data;if(!t);else if(!(t.secret||t.message||t.value));else if(\/[^a-zA-Z0-9]\/.test(t.secret));else{for(var r,s,a,i=d.querySelectorAll('iframe[data-secret=\"'+t.secret+'\"]'),n=d.querySelectorAll('blockquote[data-secret=\"'+t.secret+'\"]'),o=new RegExp(\"^https?:$\",\"i\"),l=0;l<n.length;l++)n[l].style.display=\"none\";for(l=0;l<i.length;l++)if(r=i[l],e.source!==r.contentWindow);else{if(r.removeAttribute(\"style\"),\"height\"===t.message){if(1e3<(s=parseInt(t.value,10)))s=1e3;else if(~~s<200)s=200;r.height=s}if(\"link\"===t.message)if(s=d.createElement(\"a\"),a=d.createElement(\"a\"),s.href=r.getAttribute(\"src\"),a.href=t.value,!o.test(a.protocol));else if(a.host===s.host)if(d.activeElement===r)c.top.location.href=t.value}}},e)c.addEventListener(\"message\",c.wp.receiveEmbedMessage,!1),d.addEventListener(\"DOMContentLoaded\",t,!1),c.addEventListener(\"load\",t,!1);function t(){if(o);else{o=!0;for(var e,t,r,s=-1!==navigator.appVersion.indexOf(\"MSIE 10\"),a=!!navigator.userAgent.match(\/Trident.*rv:11\\.\/),i=d.querySelectorAll(\"iframe.wp-embedded-content\"),n=0;n<i.length;n++){if(!(r=(t=i[n]).getAttribute(\"data-secret\")))r=Math.random().toString(36).substr(2,10),t.src+=\"#?secret=\"+r,t.setAttribute(\"data-secret\",r);if(s||a)(e=t.cloneNode(!0)).removeAttribute(\"security\"),t.parentNode.replaceChild(e,t);t.contentWindow.postMessage({message:\"ready\",secret:r},\"*\")}}}}(window,document);\n<\/script>\n","description":"Am 21. September ist es wieder soweit! Um Punkt 12:00 Uhr schaut die ganze Welt auf M\u00fcnchen. Und was genau passiert dann? Christian Ude, amtierender Oberb\u00fcrgermeister von M\u00fcnchen, wird das 180. Oktoberfest mit dem weltber\u00fchmten Satz \u201eO\u2018 zapft is\u201c er\u00f6ffnen und somit den Startschuss f\u00fcr drei Wochen Oktoberfest &#8211; Gaudi geben. Aus aller Welt reisen [&hellip;]","thumbnail_url":"https:\/\/www.originellefotogeschenke.de\/blog\/wp-content\/uploads\/2013\/09\/rechts-451x600.jpg"}

<blockquote class="wp-embedded-content" data-secret="SckzwyfCHr"><a href="https://www.originellefotogeschenke.de/blog/dirndl-schuerze-richtiges-binden-der-dirndschleife/">Dirndlschürze &#8211; Wie binde ich die Dirndlschleife richtig?</a></blockquote><iframe sandbox="allow-scripts" security="restricted" src="https://www.originellefotogeschenke.de/blog/dirndl-schuerze-richtiges-binden-der-dirndschleife/embed/#?secret=SckzwyfCHr" width="600" height="338" title="&#8222;Dirndlschürze &#8211; Wie binde ich die Dirndlschleife richtig?&#8220; &#8211; Fotogeschenke Blog" data-secret="SckzwyfCHr" frameborder="0" marginwidth="0" marginheight="0" scrolling="no" class="wp-embedded-content"></iframe><script type="text/javascript">
/*! This file is auto-generated */
!function(c,d){"use strict";var e=!1,o=!1;if(d.querySelector)if(c.addEventListener)e=!0;if(c.wp=c.wp||{},c.wp.receiveEmbedMessage);else if(c.wp.receiveEmbedMessage=function(e){var t=e.data;if(!t);else if(!(t.secret||t.message||t.value));else if(/[^a-zA-Z0-9]/.test(t.secret));else{for(var r,s,a,i=d.querySelectorAll('iframe[data-secret="'+t.secret+'"]'),n=d.querySelectorAll('blockquote[data-secret="'+t.secret+'"]'),o=new RegExp("^https?:$","i"),l=0;l<n.length;l++)n[l].style.display="none";for(l=0;l<i.length;l++)if(r=i[l],e.source!==r.contentWindow);else{if(r.removeAttribute("style"),"height"===t.message){if(1e3<(s=parseInt(t.value,10)))s=1e3;else if(~~s<200)s=200;r.height=s}if("link"===t.message)if(s=d.createElement("a"),a=d.createElement("a"),s.href=r.getAttribute("src"),a.href=t.value,!o.test(a.protocol));else if(a.host===s.host)if(d.activeElement===r)c.top.location.href=t.value}}},e)c.addEventListener("message",c.wp.receiveEmbedMessage,!1),d.addEventListener("DOMContentLoaded",t,!1),c.addEventListener("load",t,!1);function t(){if(o);else{o=!0;for(var e,t,r,s=-1!==navigator.appVersion.indexOf("MSIE 10"),a=!!navigator.userAgent.match(/Trident.*rv:11\./),i=d.querySelectorAll("iframe.wp-embedded-content"),n=0;n<i.length;n++){if(!(r=(t=i[n]).getAttribute("data-secret")))r=Math.random().toString(36).substr(2,10),t.src+="#?secret="+r,t.setAttribute("data-secret",r);if(s||a)(e=t.cloneNode(!0)).removeAttribute("security"),t.parentNode.replaceChild(e,t);t.contentWindow.postMessage({message:"ready",secret:r},"*")}}}}(window,document);
</script>

Am 21. September ist es wieder soweit! Um Punkt 12:00 Uhr schaut die ganze Welt auf München. Und was genau passiert dann? Christian Ude, amtierender Oberbürgermeister von München, wird das 180. Oktoberfest mit dem weltberühmten Satz „O‘ zapft is“ eröffnen und somit den Startschuss für drei Wochen Oktoberfest &#8211; Gaudi geben. Aus aller Welt reisen [&hellip;]
